24*u - 73. Let j(b) = b**2 - 11*b + 35. Let t(x) = 13*j(x) + 6*v(x). Calculate t(0).
17
Let s be (-8)/(-68) - (-420)/(-102). Let u(h) = 3*h - 3. Give u(s).
-15
Let p(k) = -9*k + 9*k - 4*k + 9. Suppose 4 = -2*d + 16. What is p(d)?
-15
Suppose 21*i + 144 = 27*i. Suppose a = 3*a + 64. Let c = a + i. Let v(z) = -z**3 - 8*z**2 - 2*z - 12. Calculate v(c).
4
Suppose 0 = 3*j - 65 + 71. Let w(b) = -12*b + 4. Let z(o) = -6*o + 2. Let d(u) = -4*w(u) + 9*z(u). Give d(j).
14
Let v(n) = 23*n - 34. Let i(y) = -37*y + 51. Let p(w) = 5*i(w) + 8*v(w). Determine p(-22).
5
Suppose -11 + 56 = -5*r. Let d be 3/r + 7/3. Let u(y) = -y**3 + 4*y**3 + 2*y**3 - 6*y**3 + y - y**d. Calculate u(1).
-1
Let w be (-3)/4 - 19/(-4). Let k be 4 - 1/w*0. Let r(u) = -3*u**2 - k + 4*u**2 - 4*u**2 + 4*u**2. What is r(0)?
-4
Suppose -3*w - 9 = -2*g, 5*w - 4*w - 11 = -4*g. Let h(o) = 6*o**2 + o + 1. Calculate h(w).
6
Let g(y) = -2*y**2 + 5 + y**2 + y - 8*y**2 - y**3 + y. Let t(f) = f**3 + 8*f**2 - 3*f - 4. Let b(s) = -3*g(s) - 4*t(s). What is b(-6)?
1
Let q(j) = j**3 + 8*j**2 + 7*j + 3. Let c(n) = -15*n - 22. Let y be c(-1). Calculate q(y).
3
Let v(j) be the second derivative of j**4/6 + 5*j**3/3 + j**2/2 - 112*j. Determine v(-5).
1
Let v(i) = i**3 + 0*i**3 - i + 5*i - 5*i**2. Let d be ((-7676)/34)/2 + 10/(-85). Let g = 116 + d. Give v(g).
-6
Let l = 16 + -14. Suppose -u - 8 = -5*y, 4*y = 4*u + 14 + l. Let v(n) = n**3 - 2*n**2 + 3*n - 4*n + 3*n - 1. What is v(y)?
0
Suppose 31 = 42*o + 73. Let v(m) = 8*m - 1. What is v(o)?
-9
Let u(q) = -2*q + 9. Let y = -1472 + 1468. Determine u(y).
17
Let o(h) be the second derivative of 1/20*h**5 - 4/3*h**3 + 3*h + h**2 + 0 - 1/2*h**4. Give o(7).
-5
Let t(u) = -8*u + 14 + 41*u + 5 - 30*u + 11. What is t(-7)?
9
Let s(r) = 2*r**2 + 6*r + 2. Let f be (-2)/16 - (-238)/112. Let y(h) = 0*h**3 + 2 + 19*h + h**f - 20*h - h**3. Let g be y(2). Give s(g).
10
Let d(q) = -4*q + q**2 - 19*q - 16 + 25*q. Determine d(-5).
-1
Let t(k) = k + 6. Suppose -18*y + 20 = -13*y. Suppose -2*x - 6 = 0, 5*x = y*j - 1 + 14. Determine t(j).
-1
Let r(x) be the third derivative of -x**5/60 - x**4/12 + x**3/2 + 2*x**2 - 107. What is r(3)?
-12
Suppose -4*y + 44 = 4*l, l = -4*y - 0*y + 26. Let o(z) = -44*z + 17*z + z**2 + 19*z + 8. Give o(l).
-4
Let l(m) be the third derivative of m**6/120 - m**5/12 + m**3/2 - 9*m**2 - 1. Calculate l(4).
-13
Suppose 5*x + 0*x = 0. Let l(g) be the first derivative of -g**4/4 + g**3/3 - g**2/2 + 15*g + 7. Calculate l(x).
15
Let v(r) = 4*r - 5. Let s(t) = -t + 15. Let y be s(10). What is v(y)?
15
Let v(w) = -w**3 + 2*w**2 + 2*w - 3. Let s(t) = -t**2 - t + 1. Let c(d) = -6*s(d) - v(d). Let f(q) = q**2 - 4. Let l be f(0). Calculate c(l).
-19
Let x(v) = v**3 + 2*v**2 - 5*v - 1. Suppose -4*y - y + 4*a + 6 = 0, -y + 3*a = -10. Let u be (18/9)/(1/y). Determine x(u).
-13
Suppose -5*a - 19 = c, -4*c + 14 = -5*c - 4*a. Suppose -c - 4 = 2*q. Let n(p) = -2 + 2 + p + 1. Give n(q).
-4
Let y = -21 - -28. Let s(l) = -3*l**2 + 5*l + 7. Suppose k = -k + 4. Let d(h) = 7*h**2 - 10*h - 15. Let i(b) = k*d(b) + 5*s(b). Give i(y).
-9
Suppose -9*v + 16 = -20. Let f(j) = -7*j + 3*j - 3*j + j**3 + 9 - 4*j**2. Let h(q) = -q**3 + 4*q**2 + 6*q - 8. Let p(m) = 4*f(m) + 5*h(m). Determine p(v).
4
Let y(q) = -4*q - 3. Let x be y(1). Let z = x + 15. Let g(j) = j**2 - 7*j + 11. What is g(z)?
19
Let k = 41 - 38. Let g(r) = 9*r**3 + r - 11*r**3 + 3*r**k + 4*r**2. Calculate g(-2).
6
Let y(o) be the third derivative of -o**6/30 - o**5/60 + 7*o**2. Suppose -4 = -w + 8. Suppose 12 = 4*b + 2*h, 0 = -3*h + w. What is y(b)?
-5
Let r(x) = x**3 + 19*x**2 + 22*x + 63. Let k be r(-18). Let w be 0 - 8/(-12) - 3/k. Let m(v) = 3*v + 3*v - 3*v. Give m(w).
3
Suppose 4*m - 4 = -2*p, p - 3 + 13 = 4*m. Let c(o) = 4*o**2 - 4*o + 4. What is c(m)?
12
Let r(t) be the second derivative of 11/12*t**4 - 1/6*t**3 + 0*t**2 - 9*t + 0. Calculate r(1).
10
Suppose 665 = -j + 36*j. Let f(z) = -z**2 + 19*z + 7. Calculate f(j).
7
Let t(d) be the third derivative of d**6/40 + d**4/24 - d**3/6 + 204*d**2. Give t(1).
3
Let z(x) be the third derivative of -x**6/30 + x**4/12 + x**3/2 + 12*x**2. Give z(-2).
31
Let u(s) = -3*s + s**3 + 3*s**2 - 1 + s + 2*s - 6*s. Let z be u(-4). Let x(h) = -2*h + 1. Determine x(z).
-13
Let l(t) be the third derivative of t**4/24 - t**3/3 - 221*t**2. Calculate l(5).
3
Suppose 5*g + 8 = -2. Let t(f) be the second derivative of -f**4/12 + f**2/2 + 3*f. Determine t(g).
-3
Let s(q) be the second derivative of -q**5/20 - q**4/2 + q**3 - 5*q**2/2 + 2*q. Let x = -27 + 27. Suppose -8*r - 56 + 0 = x. Determine s(r).
2
Let v be (-6)/(-18) + 4/(-3). Let r(z) = -z**2. Let u(p) = 10*p**2 + p + 0*p - 1 - 3*p**2. Let y(c) = v*u(c) - 5*r(c). Calculate y(-2).
-5
Let j(f) = -5*f**2 - 2 + 0*f - f**3 - 4*f + 0*f**2 + 2*f**2. Suppose -3*i - 3*g = 0, 6 = -2*i + 4*i + 5*g. Let k be i - 1 - (-8)/8. What is j(k)?
2
Let p(r) = r**3 + 8*r**2 - 8*r + 11. Let o(z) = -2*z**2 + 2*z + 3. Let l be o(-2). Let u be p(l). Suppose -24 = 2*v + u*v. Let h(d) = -d - 6. Give h(v).
0
Suppose w + 7 = 9. Suppose -i - w*b + 5 = 2, -3*i = -2*b + 31. Let x(k) be the second derivative of -k**3/3 - 5*k**2 + k. Determine x(i).
4
Let s(a) be the second derivative of a**4/12 + 7*a**3/6 + 7*a**2/2 - a - 3. Calculate s(-6).
1
Let w(l) = -5*l**3 + 11*l**2 - 6*l - 9. Let f(p) = -2*p**3 + 4*p**2 - 2*p - 3. Let u(v) = -8*f(v) + 3*w(v). Let n = -341 - -338. What is u(n)?
-15
Let r(j) = -6*j - 2. Let a(i) = -5*i + 7. Let g be a(1). Determine r(g).
-14
Let y be (-3)/3 + (-128)/(-32). Let o(c) be the second derivative of 0 - 11/6*c**y + 1/2*c**2 - 9*c. What is o(1)?
-10
Let i(v) be the third derivative of 1/12*v**4 + 0 + 0*v - 2*v**2 - 1/6*v**3. Let n = 3 - 5. Determine i(n).
-5
Let k(p) = p**3 - 10*p**2 + 8*p - 1. Suppose 24*z - 306 = -10*z. What is k(z)?
-10
Suppose -16*k - 48 + 16 = 0. Let n(m) = 20*m**2 - 7*m**2 + m - 6*m**2 - 4*m**2 + 1. Determine n(k).
11
Let u(s) = 7*s**3 + s**2 - s - 1. Suppose -2*m = -5*m - 4*j + 32, -4 = -2*j. Suppose -2*x = -10*x - m. Determine u(x).
-6
Let t(n) = -n. Suppose 84 - 9 = -25*u. Determine t(u).
3
Let u(r) = -r + 5. Let x(k) = -4*k**3 + 52*k**2 - k + 21. Let v be x(13). Calculate u(v).
-3
Let b(a) = -a - 15. Let m(n) = -n - 38. Let j(x) = -6*b(x) + 2*m(x). Give j(-5).
-6
Let z(h) = h**3 - 9*h**2 + 8*h - 6. Suppose -20 = -10*i + 60. Suppose 24 = 11*w - i*w. Calculate z(w).
-6
Let k(i) = -2*i**3 - 4*i**2 - 5*i - 5. Let o be k(-2). Suppose 6*g - g = -o. Let r(q) = -6*q**2 + 1. Calculate r(g).
-5
Let h be 36/(-27) - (-20)/6. Let w(a) = h*a + 3*a + 5 - 6*a. Let u be (4/(-6))/((-7)/126*2). Determine w(u).
-1
Let r be (-1)/27*(-90)/4. Let y(l) be the second derivative of r*l**3 + 1/20*l**5 - 5/2*l**2 + 8*l - 1/2*l**4 + 0. Give y(5).
-5
Let f(j) = 3*j + 1. Let m(a) = -a**3 + 7*a**2 + 4*a - 4. Let g be m(7). Let s be g*(-4)/4*1. Let v = -21 - s. What is f(v)?
10
Let u(o) be the second derivative of o**6/720 + o**5/60 - 2*o**4/3 - 16*o. Let t(h) be the third derivative of u(h). Let s = 10 + -6. Determine t(s).
6
Let h = -50 + 75. Suppose -2*t + 0*r - r - 11 = 0, -4*t = r + h. Let d(i) = i**3 + 8*i**2 + 6*i - 10. Calculate d(t).
-3
Let b(d) be the third derivative of -1/12*d**4 + 0*d + 0 + 13*d**2 - 1/6*d**3 - 1/30*d**5. Suppose -5*c + 2*u - 8 = -0, -4*c - 6 = -2*u. What is b(c)?
-5
Let q(i) be the third derivative of i**4/12 - 5*i**3/2 - 3*i**2 - 29. Give q(7).
-1
Let d(h) = -h**2 - 2*h - 2. Let j(i) = -i**2 - 25*i - 63. Let g be j(-22). Calculate d(g).
-17
Suppose 0 = 4*p + h + 2*h, h = 4*p - 16. Let b(l) be the third derivative of 5*l**4/24 - l**3/2 + 12*l**2. Calculate b(p).
12
Let w(c) be the second derivative of -c**4/4 - 25*c. Let s = -1 - 0. Give w(s).
-3
Let g(k) be the third derivative of k**6/720 + k**5/30 + 5*k**4/24 + 13*k**2. Let x(q) be the second derivative of g(q). Give x(-3).
1
Let k be (-1)/4 - 0 - (-35)/28. Let n(j) be the second derivative of 1/5*j**5 + 2*j + 0*j**4 + 1/2*j**2 + 0 - 1/3*j**3. Give n(k).
3
Suppose 0 = -4*v - 2*u + 20, -9*v = -12*v + u + 10. Let i(w) be the second derivative of w**3 - 5/2*w**2 + 0 - 1/12*w**v + 4*w. Calculate i(6).
-5
Let h(q) = 2*q**3 - 2*q**3 - 7 + 11*q**2 - 4*q + 7*q + q**3 - 6. Calculate h(-10).
57
Suppose -7 + 1 = -3*z. Let l be 3 + 2 + z + -5. Suppose u - s = -l*s - 4,